lculate the greatest common factor of 567 and q.
21
Let z be (-7)/6 - 23610/(-180). Calculate the greatest common divisor of 455 and z.
65
Suppose -3*y + 14 = -4*h, -4*h = y - 9*h - 1. Suppose 5*t + z - y = 27, -z = -2*t + 16. What is the greatest common factor of 35 and t?
7
Suppose 43 = 4*x + 5*f, -4*x - 4*f + 15 = -25. Let s(y) = 3*y. Let l be s(x). What is the highest common divisor of l and 7?
7
Let o(c) = c**3 - 6*c**2 - 6*c - 6. Let d be o(7). Let v be 5/(-4*(-4)/16). Calculate the highest common divisor of v and d.
1
Suppose 1 + 17 = 3*f. Suppose 2*r = 2*n + f, 2*r + 4*n - 12 = 3*n. Suppose -16 = u - r*u. What is the greatest common factor of u and 12?
4
Let u(m) = -2*m**2 - 20*m + 14. Let f be u(-10). Calculate the greatest common factor of 21 and f.
7
Let b be 1/(-12 - (-36729)/3060). What is the highest common divisor of 80 and b?
20
Suppose -5*j + 5 = 5*m, m - 3*m + j = 1. Suppose m = 3*q - 8*q + 160. Let n(c) = 87*c - 518. Let f be n(6). Calculate the highest common divisor of q and f.
4
Suppose -3*v + 1167 = -3*t, -5*t - 161 = -v + 220. Let k = v + -222. Calculate the greatest common divisor of k and 13.
13
Let l be 30/70 - (-39)/7. Let w(q) = 5 - 1 - l*q - 5 - 1. Let i be w(-2). Calculate the highest common divisor of 30 and i.
10
Let k = 526 + -365. Suppose -159 = -2*d + k. Calculate the greatest common factor of 32 and d.
32
Let h = -27 - -60. Suppose -5*f = 4*y - 9, -4*f - h = -5*y - 3*f. Calculate the greatest common factor of y and 3.
3
Suppose -3 = d - 5. Calculate the greatest common divisor of 9 and d.
1
Suppose -2*a - 27 + 177 = -5*i, 3*a - 239 = 4*i. What is the highest common divisor of a and 34?
17
Suppose 197*q + 345 = 200*q + 2*t, 5*q = t + 588. What is the greatest common factor of q and 144?
9
Let n = -102 - -117. Suppose 45 = 3*b + n. Calculate the greatest common factor of 40 and b.
10
Suppose -414 + 1869 = 2*b + 5*v, -4*b = v - 2955. What is the greatest common divisor of b and 20?
20
Let a = -3663 + 5388. Calculate the greatest common factor of 75 and a.
75
Let p(m) = 2*m**2 + 13*m - 13. Let f be p(-9). Let s = -29 + f. Suppose 7*i - 60 = s*i. What is the greatest common divisor of 135 and i?
15
Let h(l) = -l + 12. Let j be h(10). Suppose -g = -3*n + 16 + 36, j*g + 2 = 0. Calculate the highest common divisor of n and 85.
17
Let r(j) = j**3 + 10*j**2 + 10*j + 11. Let z be r(-9). Let p be 2/(-1) + 3 + z. Let q be (6/(-4))/(p/(-40)). Calculate the greatest common divisor of q and 5.
5
Let l = -174 + 200. Calculate the greatest common divisor of 13 and l.
13
Let c(j) = j**2 - 36*j + 391. Let o be c(13). What is the greatest common divisor of 20 and o?
4
Suppose -27*q + 1539 + 1296 = 0. Calculate the highest common divisor of 14 and q.
7
Suppose 0 = -5*v + 4*p + 283, 3*v = 5*p + 182 - 7. Calculate the greatest common divisor of 10 and v.
5
Let c = -350 - -122. Let r be c/(-14) + (-24)/84. What is the highest common factor of 2 and r?
2
Let c(q) = 5*q**2 + 18*q - 15. Let x(g) = -2*g**2 - 6*g + 5. Let j(z) = -3*c(z) - 8*x(z). Let d be j(7). Calculate the highest common divisor of 84 and d.
12
Let h(r) = 3*r**2 - 11*r + 13. Let y be h(6). Let z(v) = v**3 - 7*v**2 + 14*v - 9. Let u be z(5). Calculate the greatest common divisor of u and y.
11
Let i(x) = 6*x**2 + 29*x - 25. Let b be i(11). Calculate the highest common divisor of 60 and b.
60
Suppose 0 = -21*n + 20*n + 44. What is the greatest common factor of 28 and n?
4
Let y be 3 + 5/(-2)*-2. Suppose 3*t + y = 50. Let m be ((-21)/4)/(18/(-192)). Calculate the greatest common divisor of t and m.
14
Suppose 14*j = 24*j - 2600. Calculate the greatest common divisor of 104 and j.
52
Let p(o) = 2*o - 14. Let r be p(8). Suppose -2*u + 2*l = r*u - 278, 2*u - 4*l = 136. Calculate the highest common divisor of u and 10.
10
Let n(z) = 2*z**2 + 4*z. Let j be n(3). Let g be 627/(-121) - (-2)/11. Let o = g - -25. Calculate the highest common divisor of j and o.
10
Suppose 5*g + 160 = 540. Suppose -g = -2*h - 0*h. Suppose -2*q + h + 58 = 0. Calculate the greatest common factor of q and 72.
24
Suppose 3*f = 6*f. Suppose -5*o + 42 + 43 = f. Suppose o - 305 = -4*m. What is the greatest common divisor of m and 9?
9
Let i = -142 + -18. Let b be (1/2)/((-1)/i). Suppose 0 = -3*d + 27*w - 29*w + 48, 0 = 2*w. What is the highest common factor of b and d?
16
Let h(j) = -j**3 + 5*j**2 + 5*j - 2. Let u be h(6). Let o be -1 - (-79 + (-2)/(-2)). Let m = o - u. Calculate the greatest common divisor of 17 and m.
17
Let z be 1*((-8)/(64/(-24)) - 1). What is the greatest common divisor of z and 170?
2
Let a = -36 - -509. Calculate the highest common divisor of a and 11.
11
Let n(o) = 30*o + 4. Let p = -52 - -57. Let u be n(p). What is the greatest common divisor of 14 and u?
14
Let i be 9/18*1*31*8. Calculate the greatest common factor of i and 31.
31
Let q = -127 + 219. What is the greatest common divisor of q and 230?
46
Let q(y) = y. Let j be q(-6). Let b(d) = -6*d - d**2 + d - d + 6 + 0*d. Let r be b(j). Calculate the highest common factor of 66 and r.
6
Suppose 5*q = -11 + 21. Let z be 2/(q - 0) + 1. Calculate the highest common factor of z and 2.
2
Suppose -3*f + 562 = 5*m, 7*m = 2*m - 2*f + 558. What is the greatest common factor of 154 and m?
22
Suppose -4*x + 0*q + 255 = 3*q, -5*x = 4*q - 318. Calculate the greatest common factor of 176 and x.
22
Let o = -138 - -148. Calculate the highest common divisor of o and 90.
10
Let r be 3*5/((-75)/(-10)). Let z(f) = 226*f - 11. Let j be z(r). Calculate the greatest common divisor of j and 49.
49
Let b(r) = -r**3 + 2*r**2 + 4*r - 3. Let l be b(-3). What is the greatest common divisor of l and 165?
15
Suppose 0 = z - 307 - 137. Suppose 5*q + 4*w = q + z, -4*q = -w - 429. What is the greatest common divisor of 12 and q?
12
Let h = 16 - 14. Suppose h*p - 20 = -2*p. What is the greatest common factor of p and 80?
5
Suppose 176 = 2*d + 142*b - 144*b, -b + 182 = 2*d. Calculate the greatest common divisor of d and 60.
30
Let p = 12 - 6. Let s be 145/6 + (-39)/234. Calculate the highest common divisor of p and s.
6
Let x = 16 - 14. Suppose 5*f + 37 = 12, x*w + f - 7 = 0. What is the highest common divisor of w and 2?
2
Let w be (407/22)/((-3)/(-2) + -1). Calculate the greatest common factor of 1 and w.
1
Suppose -5*d = 7 + 213. Let a = d - -55. What is the highest common divisor of 121 and a?
11
Let w = 43 + -39. Let y = 14 + -7. Let q(r) = r**3 - 7*r**2 - r + 8. Let t be q(y). What is the greatest common divisor of w and t?
1
Suppose -5*u = -2*p - 2*p + 11, 4*p = u - 1. Let i be p/(-4) + 0 + (-252)/(-16). Calculate the highest common factor of 4 and i.
4
Let f = -487 - -538. Calculate the greatest common factor of f and 187.
17
Let f(z) = 53*z + 40*z - 23*z + 3 + 46*z + 31*z. Let s = 3 - 2. Let b be f(s). Calculate the highest common divisor of 25 and b.
25
Suppose -v = -87 - 30. Let c(p) = 2*p + 3. Let x be c(5). Calculate the greatest common divisor of x and v.
13
Let h = -2 - 15. Let g = h - -72. Let u = -213 + 218. Calculate the greatest common divisor of u and g.
5
Let q(p) = p**2 - 7*p - 9. Let z be q(10). Suppose -c + z = -0*c. Let h be 342/c + 4/(-14). What is the greatest common factor of 128 and h?
16
Let f be 2/(-3)*14/(252/(-459)). Suppose 8*j + 72 = f*j. What is the greatest common divisor of j and 8?
8
Let p = 10 + 10. Let a be 2*p/8 + -2. Let v(y) = y**3 - 3*y + 4. Let g be v(a). Calculate the highest common divisor of g and 132.
22
Suppose 5*m + 458 = 4*i, i + 86 - 196 = -m. Calculate the highest common factor of i and 42.
14
Let x(w) = -3*w + 104. Let s be x(16). Calculate the highest common divisor of s and 32.
8
Suppose 48 = 5*u - 102. Suppose 194 + 46 = 16*x - 6*x. Calculate the greatest common factor of u and x.
6
Let z = 259 - 235. What is the highest common divisor of z and 1416?
24
Let z = 61 + -43. Suppose 4*u = -2*k + z, -6*u - 4*k = -11*u + 55. Suppose u*h = 2*h + 135. Calculate the highest common factor of 9 and h.
9
Suppose 0 = 6*b + 1 - 7. Let l = b + 8. Calculate the greatest common divisor of l and 9.
9
Suppose 0 = 12*l - 5*l + 21. Let w be (-30)/(((-13)/(-4) - 3)*l). Calculate the highest common divisor of w and 100.
20
Let v = -2446 - -3991. What is the highest common factor of 15 and v?
15
Let t = -54 + 58. Let z(y) 